of 349?
False
Does 113 divide 3277?
True
Is 9 a factor of 2304?
True
Is 12600 a multiple of 63?
True
Does 15 divide 261?
False
Is 14105 a multiple of 91?
True
Does 24 divide 6936?
True
Does 5 divide 25?
True
Does 18 divide 11724?
False
Is 14993 a multiple of 47?
True
Is 6530 a multiple of 54?
False
Does 19 divide 779?
True
Is 19 a factor of 31692?
True
Is 12 a factor of 3018?
False
Does 11 divide 20119?
True
Is 5 a factor of 15782?
False
Is 32252 a multiple of 103?
False
Does 182 divide 16926?
True
Does 29 divide 3255?
False
Does 5 divide 115?
True
Does 16 divide 76000?
True
Is 70 a multiple of 3?
False
Does 15 divide 12060?
True
Is 28 a factor of 550?
False
Does 65 divide 1862?
False
Is 52672 a multiple of 16?
True
Does 165 divide 8745?
True
Is 26686 a multiple of 13?
False
Does 24 divide 6576?
True
Is 18 a factor of 482?
False
Does 3 divide 451?
False
Is 24 a factor of 913?
False
Is 11 a factor of 2519?
True
Is 75808 a multiple of 49?
False
Is 31 a factor of 23900?
False
Is 364 a multiple of 7?
True
Is 14775 a multiple of 25?
True
Does 53 divide 7685?
True
Does 10 divide 118?
False
Is 7 a factor of 7386?
False
Is 403 a multiple of 6?
False
Is 82004 a multiple of 38?
True
Is 37 a factor of 4958?
True
Does 3 divide 31?
False
Is 30550 a multiple of 68?
False
Is 18 a factor of 486?
True
Is 948 a multiple of 16?
False
Is 10665 a multiple of 79?
True
Is 21 a factor of 57519?
True
Is 87232 a multiple of 64?
True
Is 24 a factor of 3864?
True
Does 147 divide 11025?
True
Is 6 a factor of 314?
False
Is 4 a factor of 2621?
False
Is 75 a multiple of 5?
True
Does 31 divide 81127?
True
Is 144 a factor of 4320?
True
Is 33417 a multiple of 141?
True
Is 731 a multiple of 17?
True
Is 22 a multiple of 5?
False
Does 128 divide 16256?
True
Is 621 a multiple of 46?
False
Does 172 divide 12040?
True
Does 28 divide 2050?
False
Does 114 divide 10828?
False
Is 15780 a multiple of 30?
True
Is 556 a multiple of 14?
False
Is 9 a factor of 111?
False
Does 3 divide 3906?
True
Is 16 a factor of 204?
False
Does 108 divide 18472?
False
Is 8 a factor of 17080?
True
Is 896 a multiple of 14?
True
Does 33 divide 295?
False
Is 3 a factor of 199?
False
Is 211 a factor of 19282?
False
Is 19 a factor of 12692?
True
Does 71 divide 17040?
True
Does 6 divide 1798?
False
Does 116 divide 4292?
True
Does 13 divide 65?
True
Is 3 a factor of 84?
True
Is 28 a factor of 1006?
False
Is 4604 a multiple of 64?
False
Is 119 a factor of 6783?
True
Does 57 divide 3762?
True
Is 21 a factor of 2835?
True
Does 7 divide 630?
True
Is 33 a factor of 3630?
True
Is 35 a factor of 1888?
False
Does 7 divide 105?
True
Is 11806 a multiple of 28?
False
Is 2205 a multiple of 49?
True
Does 91 divide 10654?
False
Does 14 divide 1515?
False
Is 8 a factor of 82372?
False
Is 9 a factor of 1905?
False
Is 1900 a multiple of 6?
False
Is 174 a multiple of 12?
False
Is 25600 a multiple of 10?
True
Is 97 a multiple of 17?
False
Is 5 a factor of 1165?
True
Is 38 a factor of 760?
True
Is 96113 a multiple of 38?
False
Is 4170 a multiple of 61?
False
Is 427 even?
False
Is 25 a factor of 225?
True
Does 5 divide 117?
False
Is 24 a factor of 25848?
True
Is 30 a factor of 307?
False
Does 16 divide 2224?
True
Is 9095 a multiple of 21?
False
Is 1914 a multiple of 31?
False
Is 92 a multiple of 52?
False
Is 25 a factor of 9592?
False
Does 30 divide 1634?
False
Is 136 a multiple of 17?
True
Does 7 divide 16786?
True
Is 10 a factor of 420?
True
Is 2169 a multiple of 22?
False
Is 1067 a multiple of 21?
False
Is 11 a factor of 899?
False
Is 254 a multiple of 13?
False
Is 1161 a multiple of 43?
True
Is 8 a factor of 135?
False
Is 6036 a multiple of 7?
False
Does 4 divide 536?
True
Is 13 a factor of 14822?
False
Does 73 divide 13632?
False
Does 14 divide 1218?
True
Is 52 a factor of 1533?
False
Does 32 divide 24128?
True
Does 17 divide 55080?
True
Is 384 a multiple of 8?
True
Is 18 a factor of 234?
True
Does 8 divide 704?
True
Is 1905 a multiple of 15?
True
Does 49 divide 196?
True
Is 62 a factor of 2793?
False
Is 37683 a multiple of 237?
True
Is 15555 a multiple of 183?
True
Is 13 a factor of 27806?
False
Is 2 a factor of 207?
False
Is 11 a factor of 127?
False
Is 4 a factor of 16?
True
Is 31 a factor of 79838?
False
Is 5862 a multiple of 6?
True
Is 33 a factor of 16203?
True
Is 8640 a multiple of 45?
True
Is 19517 a multiple of 12?
False
Does 52 divide 509?
False
Is 3 a factor of 664?
False
Is 21 a factor of 588?
True
Is 8 a multiple of 5?
False
Does 247 divide 19659?
False
Is 7638 a multiple of 76?
False
Is 65 a factor of 223?
False
Is 304 a multiple of 2?
True
Does 65 divide 751?
False
Is 1216 a multiple of 4?
True
Does 63 divide 38304?
True
Does 49 divide 4949?
True
Is 1978 a multiple of 46?
True
Is 1318 a multiple of 41?
False
Is 11 a factor of 55237?
False
Is 811 a multiple of 6?
False
Is 24421 a multiple of 11?
False
Is 70 a multiple of 7?
True
Is 140 a factor of 30520?
True
Is 725 a multiple of 145?
True
Is 13 a factor of 2374?
False
Is 74 a factor of 2389?
False
Is 103 a factor of 2884?
True
Is 2119 a multiple of 5?
False
Is 15648 a multiple of 12?
True
Is 19 a factor of 976?
False
Is 14 a factor of 1204?
True
Is 100 a multiple of 56?
False
Is 1900 a multiple of 76?
True
Is 1024 a multiple of 10?
False
Does 17 divide 374?
True
Does 7 divide 1169?
True
Does 53 divide 3286?
True
Does 80 divide 9200?
True
Is 110 a multiple of 22?
True
Is 802 a multiple of 6?
False
Is 171 a factor of 1368?
True
Does 97 divide 1565?
False
Is 1035 a multiple of 15?
True
Does 4 divide 35776?
True
Is 19 a factor of 1463?
True
Does 7 divide 2464?
True
Is 7 a factor of 6293?
True
Is 7135 a multiple of 18?
False
Does 119 divide 279?
False
Does 26 divide 1126?
False
Does 44 divide 1296?
False
Is 880 a multiple of 40?
True
Is 692 a multiple of 10?
False
Does 11 divide 319?
True
Is 93 a factor of 383?
False
Does 14 divide 1154?
False
Does 14 divide 476?
True
Does 14 divide 1633?
False
Is 33129 a multiple of 27?
True
Does 5 divide 2575?
True
Is 5952 a multiple of 124?
True
Does 34 divide 1088?
True
Is 14 a factor of 48678?
True
Is 1829 a multiple of 15?
False
Does 46 divide 6596?
False
Does 32 divide 4256?
True
Is 2387 a multiple of 27?
False
Is 161 a factor of 16905?
True
Is 473 a multiple of 43?
True
Is 124 a multiple of 31?
True
Is 2228 a multiple of 44?
False
Does 30 divide 6630?
True
Is 36802 a multiple of 95?
False
Does 5 divide 12677?
False
Is 1366 even?
True
Is 79 a multiple of 16?
False
Is 16935 a multiple of 54?
False
Is 23 a factor of 391?
True
Is 83 a factor of 50630?
True
Does 90 divide 14401?
False
Is 2548 a multiple of 49?
True
Does 35 divide 1820?
True
Does 4 divide 1748?
True
Is 3167 a multiple of 24?
False
Is 2352 a multiple of 84?
True
Does 184 divide 16350?
False
Does 9 divide 875?
False
Is 5394 a multiple of 186?
True
Is 9339 a multiple of 11?
True
Does 16 divide 2576?
True
Is 753 a multiple of 10?
False
Is 6 a factor of 132?
True
Is 11 a factor of 1140?
False
Is 24 a factor of 17352?
True
Is 44 a factor of 84847?
False
Is 3883 a multiple of 11?
True
Is 80 a factor of 7680?
True
Is 635 a multiple of 80?
False
Is 1106 a multiple of 6?
False
Is 6252 a multiple of 12?
True
Is 16 a factor of 144?
True
Is 17856 a multiple of 48?
True
Is 1025 a multiple of 2?
False
Does 13 divide 260?
True
Is 23 a factor of 21344?
True
Is 4 a factor of 9820?
True
Does 100 divide 19400?
True
Does 31 divide 2116?
False
Is 15 a factor of 900?
True
Is 2527 a multiple of 5?
False
Does 57 divide 19817?
False
Is 56 a factor of 15624?
True
Is 8 a factor of 6013?
False
Is 7 a factor of 249?
False
Is 68818 a multiple of 137?
False
Is 77 even?
False
Is 6 a factor of 3122?
False
Is 107 a factor of 35203?
True
Does 64 divide 2752?
True
Is 7 a factor of 12381?
False
Is 52 a multiple of 47?
False
Is 22800 a multiple of 228?
True
Does 10 divide 1560?
True
Is 2847 a multiple of 39?
True
Is 10511 a multiple of 25?
False
Is 44 a factor of 9416?
True
Is 36 a factor of 12377?
False
Is 6 a factor of 397?
False
Does 9 divide 234?
True
Does 55 divide 6490?
True
Is 18 a factor of 5555?
False
Is 1883 a multiple of 69?
False
Is 31 a factor of 10188?
False
Is 10 a factor of 1654?
False
Is 6 a factor of 5256?
True
Is 12929 a multiple of 120?
False
Does 15 divide 98095?
False
Does 12 divid